{"id":7731,"date":"2026-04-20T16:22:06","date_gmt":"2026-04-20T16:22:06","guid":{"rendered":"http:\/\/woo.apylaser.com\/?post_type=product&#038;p=7731"},"modified":"2026-04-20T16:47:49","modified_gmt":"2026-04-20T16:47:49","slug":"presentoir-coeur-88-paires-de-boucles-doreilles","status":"publish","type":"product","link":"https:\/\/woo.apylaser.com\/?product=presentoir-coeur-88-paires-de-boucles-doreilles","title":{"rendered":"Pr\u00e9sentoir coeur 88 paires de boucles d&rsquo;oreilles"},"content":{"rendered":"<p>Ce pr\u00e9sentoir coeur pour boucles d&rsquo;oreilles a \u00e9t\u00e9 dessin\u00e9 sur notre logiciel puis mis en d\u00e9coupe sur notre machine laser<\/p>\n<p>Vous pourrez y accrocher 88 paires de boucles d&rsquo;oreilles puces<\/p>\n<p>Le pr\u00e9sentoir de bijoux comporte 176 trous de 2 mm<\/p>\n<p>Il mesure :<\/p>\n<p>Hauteur :\u00a0 18,6 cm<\/p>\n<p>Largeur : 23 cm<\/p>\n<p>Chaque rang\u00e9e est s\u00e9par\u00e9e par 1,5 cm ce qui vous laissent accrocher vos boucles d&rsquo;oreilles facilement et suffisamment d&rsquo;espaces entre chaque<\/p>\n<p>Le pied ind\u00e9pendant vous permet de pouvoir le ranger \u00e0 plat, id\u00e9al pour vous les stocker et les emmener sur vos march\u00e9s, brocantes, magasins&#8230;.<\/p>\n<p>Si vous le souhaitez sur devis le mod\u00e8le peut \u00eatre modifi\u00e9 puisque tout est r\u00e9alis\u00e9 du d\u00e9but \u00e0 la fin pour la r\u00e9alisation de ce pr\u00e9sentoir de boucles d&rsquo;oreilles, il peut \u00e9galement \u00eatre grav\u00e9 au laser n&rsquo;h\u00e9sitez pas \u00e0 nous contacter si vous le souhaitez pour obtenir un devis <a href=\"https:\/\/apylaser.com\/nous-contacter\">en cliquant ici<\/a> ou \u00e0 contact@apylaser.com<\/p><\/p>\n","protected":false},"excerpt":{"rendered":"<p>Pr\u00e9sentoir bijoux pour boucles d&rsquo;oreilles en plexiglas<\/p>\n<p>Mod\u00e8le con\u00e7u par APY Laser et D\u00e9coup\u00e9 au laser \u00e0 l&rsquo;atelier<\/p>\n","protected":false},"featured_media":7793,"comment_status":"open","ping_status":"closed","template":"","meta":{"site-sidebar-layout":"default","site-content-layout":"","ast-site-content-layout":"default","site-content-style":"default","site-sidebar-style":"default","ast-global-header-display":"","ast-banner-title-visibility":"","ast-main-header-display":"","ast-hfb-above-header-display":"","ast-hfb-below-header-display":"","ast-hfb-mobile-header-display":"","site-post-title":"","ast-breadcrumbs-content":"","ast-featured-img":"","footer-sml-layout":"","ast-disable-related-posts":"","theme-transparent-header-meta":"","adv-header-id-meta":"","stick-header-meta":"","header-above-stick-meta":"","header-main-stick-meta":"","header-below-stick-meta":"","astra-migrate-meta-layouts":"default","ast-page-background-enabled":"default","ast-page-background-meta":{"desktop":{"background-color":"var(--ast-global-color-5)","background-image":"","background-repeat":"repeat","background-position":"center center","background-size":"auto","background-attachment":"scroll","background-type":"","background-media":"","overlay-type":"","overlay-color":"","overlay-opacity":"","overlay-gradient":""},"tablet":{"background-color":"","background-image":"","background-repeat":"repeat","background-position":"center center","background-size":"auto","background-attachment":"scroll","background-type":"","background-media":"","overlay-type":"","overlay-color":"","overlay-opacity":"","overlay-gradient":""},"mobile":{"background-color":"","background-image":"","background-repeat":"repeat","background-position":"center center","background-size":"auto","background-attachment":"scroll","background-type":"","background-media":"","overlay-type":"","overlay-color":"","overlay-opacity":"","overlay-gradient":""}},"ast-content-background-meta":{"desktop":{"background-color":"var(--ast-global-color-4)","background-image":"","background-repeat":"repeat","background-position":"center center","background-size":"auto","background-attachment":"scroll","background-type":"","background-media":"","overlay-type":"","overlay-color":"","overlay-opacity":"","overlay-gradient":""},"tablet":{"background-color":"var(--ast-global-color-4)","background-image":"","background-repeat":"repeat","background-position":"center center","background-size":"auto","background-attachment":"scroll","background-type":"","background-media":"","overlay-type":"","overlay-color":"","overlay-opacity":"","overlay-gradient":""},"mobile":{"background-color":"var(--ast-global-color-4)","background-image":"","background-repeat":"repeat","background-position":"center center","background-size":"auto","background-attachment":"scroll","background-type":"","background-media":"","overlay-type":"","overlay-color":"","overlay-opacity":"","overlay-gradient":""}}},"product_brand":[],"product_cat":[18,51],"product_tag":[],"class_list":{"0":"post-7731","1":"product","2":"type-product","3":"status-publish","4":"has-post-thumbnail","6":"product_cat-a-personnaliser-et-nos-creations","7":"product_cat-presentoirs","8":"desktop-align-left","9":"tablet-align-left","10":"mobile-align-left","12":"first","13":"instock","14":"shipping-taxable","15":"purchasable","16":"product-type-simple"},"_links":{"self":[{"href":"https:\/\/woo.apylaser.com\/index.php?rest_route=\/wp\/v2\/product\/7731","targetHints":{"allow":["GET"]}}],"collection":[{"href":"https:\/\/woo.apylaser.com\/index.php?rest_route=\/wp\/v2\/product"}],"about":[{"href":"https:\/\/woo.apylaser.com\/index.php?rest_route=\/wp\/v2\/types\/product"}],"replies":[{"embeddable":true,"href":"https:\/\/woo.apylaser.com\/index.php?rest_route=%2Fwp%2Fv2%2Fcomments&post=7731"}],"wp:featuredmedia":[{"embeddable":true,"href":"https:\/\/woo.apylaser.com\/index.php?rest_route=\/wp\/v2\/media\/7793"}],"wp:attachment":[{"href":"https:\/\/woo.apylaser.com\/index.php?rest_route=%2Fwp%2Fv2%2Fmedia&parent=7731"}],"wp:term":[{"taxonomy":"product_brand","embeddable":true,"href":"https:\/\/woo.apylaser.com\/index.php?rest_route=%2Fwp%2Fv2%2Fproduct_brand&post=7731"},{"taxonomy":"product_cat","embeddable":true,"href":"https:\/\/woo.apylaser.com\/index.php?rest_route=%2Fwp%2Fv2%2Fproduct_cat&post=7731"},{"taxonomy":"product_tag","embeddable":true,"href":"https:\/\/woo.apylaser.com\/index.php?rest_route=%2Fwp%2Fv2%2Fproduct_tag&post=7731"}],"curies":[{"name":"wp","href":"https:\/\/api.w.org\/{rel}","templated":true}]}}