{"id":7877,"date":"2026-04-20T16:24:16","date_gmt":"2026-04-20T16:24:16","guid":{"rendered":"http:\/\/woo.apylaser.com\/?post_type=product&#038;p=7877"},"modified":"2026-04-20T16:47:51","modified_gmt":"2026-04-20T16:47:51","slug":"tampon-trodat-professional-line-5200-empreinte-41x24mm","status":"publish","type":"product","link":"https:\/\/woo.apylaser.com\/?product=tampon-trodat-professional-line-5200-empreinte-41x24mm","title":{"rendered":"Tampon trodat professional line 5200 empreinte 41x24mm"},"content":{"rendered":"<p>Tampon encreur trodat professional line 5200<\/p>\n<p>Ce tampon est appropri\u00e9 pour 4 \u00e0 5 lignes<\/p>\n<p>Empreinte (zone de marquage) :<\/p>\n<p>Longueur : 41 mm<\/p>\n<p>Hauteur : 24 mm<\/p>\n<p>Couleur de l&rsquo;encre : noir<\/p>\n<p>Mati\u00e8re : m\u00e9tal et plastique rigide<\/p>\n<p>Couleur du tampon : noir<\/p>\n<p>Les tampons encreurs trodat sont de tr\u00e8s bonne qualit\u00e9 et durent dans le temps<\/p>\n<p>Les cassettes se changent facilement et \u00e0 petits prix pour des consommables qui vont vous durer un bon moment avant de les changer<\/p>\n<p>Vous pourrez les changer sans \u00eatre en contact avec l&rsquo;encre<\/p>\n<p>Sur le dessus vous avez un couvercle ou vous pourrez glisser une \u00e9tiquette avec la d\u00e9nomination, elle est incluse dans la boite<\/p>\n<p>Ce tampon trodat professionnel 5200 est un bon compromis pour votre entreprise et tr\u00e8s r\u00e9sistant avec sa structure avec m\u00e9tal<\/p>\n<p>Les empreintes sont grav\u00e9es et d\u00e9coup\u00e9e au laser dans notre atelier ce qui nous permet de pouvoir vous les fabriquer et les exp\u00e9dier rapidement<\/p>\n<p>Pour des demandes personnalis\u00e9es, n&rsquo;h\u00e9sitez pas \u00e0 nous envoyer un email \u00e0 contact@apylaser.com<\/p>\n","protected":false},"excerpt":{"rendered":"<p>Tampon trodat professional line 5200<\/p>\n<p>Empreinte 41x24mm<\/p>\n<p>4 \u00e0 5 lignes maximum<\/p>\n<p>Grav\u00e9 et d\u00e9coup\u00e9 au laser dans notre atelier<\/p>\n<p>N&rsquo;oubliez pas d&rsquo;enregistrer votre personnalisation avant d&rsquo;ajouter au panier<\/p>\n<p>Voir description en dessous<\/p>\n","protected":false},"featured_media":5994,"comment_status":"open","ping_status":"closed","template":"","meta":{"site-sidebar-layout":"default","site-content-layout":"","ast-site-content-layout":"default","site-content-style":"default","site-sidebar-style":"default","ast-global-header-display":"","ast-banner-title-visibility":"","ast-main-header-display":"","ast-hfb-above-header-display":"","ast-hfb-below-header-display":"","ast-hfb-mobile-header-display":"","site-post-title":"","ast-breadcrumbs-content":"","ast-featured-img":"","footer-sml-layout":"","ast-disable-related-posts":"","theme-transparent-header-meta":"","adv-header-id-meta":"","stick-header-meta":"","header-above-stick-meta":"","header-main-stick-meta":"","header-below-stick-meta":"","astra-migrate-meta-layouts":"default","ast-page-background-enabled":"default","ast-page-background-meta":{"desktop":{"background-color":"var(--ast-global-color-5)","background-image":"","background-repeat":"repeat","background-position":"center center","background-size":"auto","background-attachment":"scroll","background-type":"","background-media":"","overlay-type":"","overlay-color":"","overlay-opacity":"","overlay-gradient":""},"tablet":{"background-color":"","background-image":"","background-repeat":"repeat","background-position":"center center","background-size":"auto","background-attachment":"scroll","background-type":"","background-media":"","overlay-type":"","overlay-color":"","overlay-opacity":"","overlay-gradient":""},"mobile":{"background-color":"","background-image":"","background-repeat":"repeat","background-position":"center center","background-size":"auto","background-attachment":"scroll","background-type":"","background-media":"","overlay-type":"","overlay-color":"","overlay-opacity":"","overlay-gradient":""}},"ast-content-background-meta":{"desktop":{"background-color":"var(--ast-global-color-4)","background-image":"","background-repeat":"repeat","background-position":"center center","background-size":"auto","background-attachment":"scroll","background-type":"","background-media":"","overlay-type":"","overlay-color":"","overlay-opacity":"","overlay-gradient":""},"tablet":{"background-color":"var(--ast-global-color-4)","background-image":"","background-repeat":"repeat","background-position":"center center","background-size":"auto","background-attachment":"scroll","background-type":"","background-media":"","overlay-type":"","overlay-color":"","overlay-opacity":"","overlay-gradient":""},"mobile":{"background-color":"var(--ast-global-color-4)","background-image":"","background-repeat":"repeat","background-position":"center center","background-size":"auto","background-attachment":"scroll","background-type":"","background-media":"","overlay-type":"","overlay-color":"","overlay-opacity":"","overlay-gradient":""}}},"product_brand":[],"product_cat":[21,61],"product_tag":[],"class_list":{"0":"post-7877","1":"product","2":"type-product","3":"status-publish","4":"has-post-thumbnail","6":"product_cat-tampons","7":"product_cat-tampons-professionnels","8":"desktop-align-left","9":"tablet-align-left","10":"mobile-align-left","12":"first","13":"outofstock","14":"shipping-taxable","15":"purchasable","16":"product-type-simple"},"_links":{"self":[{"href":"https:\/\/woo.apylaser.com\/index.php?rest_route=\/wp\/v2\/product\/7877","targetHints":{"allow":["GET"]}}],"collection":[{"href":"https:\/\/woo.apylaser.com\/index.php?rest_route=\/wp\/v2\/product"}],"about":[{"href":"https:\/\/woo.apylaser.com\/index.php?rest_route=\/wp\/v2\/types\/product"}],"replies":[{"embeddable":true,"href":"https:\/\/woo.apylaser.com\/index.php?rest_route=%2Fwp%2Fv2%2Fcomments&post=7877"}],"wp:featuredmedia":[{"embeddable":true,"href":"https:\/\/woo.apylaser.com\/index.php?rest_route=\/wp\/v2\/media\/5994"}],"wp:attachment":[{"href":"https:\/\/woo.apylaser.com\/index.php?rest_route=%2Fwp%2Fv2%2Fmedia&parent=7877"}],"wp:term":[{"taxonomy":"product_brand","embeddable":true,"href":"https:\/\/woo.apylaser.com\/index.php?rest_route=%2Fwp%2Fv2%2Fproduct_brand&post=7877"},{"taxonomy":"product_cat","embeddable":true,"href":"https:\/\/woo.apylaser.com\/index.php?rest_route=%2Fwp%2Fv2%2Fproduct_cat&post=7877"},{"taxonomy":"product_tag","embeddable":true,"href":"https:\/\/woo.apylaser.com\/index.php?rest_route=%2Fwp%2Fv2%2Fproduct_tag&post=7877"}],"curies":[{"name":"wp","href":"https:\/\/api.w.org\/{rel}","templated":true}]}}