{"id":8298,"date":"2026-04-20T16:33:13","date_gmt":"2026-04-20T16:33:13","guid":{"rendered":"http:\/\/woo.apylaser.com\/?post_type=product&#038;p=8298"},"modified":"2026-04-20T16:47:59","modified_gmt":"2026-04-20T16:47:59","slug":"fleur-de-vie-ajouree-15-cm","status":"publish","type":"product","link":"https:\/\/woo.apylaser.com\/?product=fleur-de-vie-ajouree-15-cm","title":{"rendered":"Fleur de vie ajour\u00e9e 15 cm"},"content":{"rendered":"<p>Cette d\u00e9coration fleur de vie ajour\u00e9e vous servira pour recharger toutes vos pierres naturelles en lithoth\u00e9rapie<\/p>\n<p>Diam\u00e8tre : 15 cm<\/p>\n<p>Epaisseur : 3 mm<\/p>\n<p>Mati\u00e8re : MDF<\/p>\n<p>Cette fleur de vie est \u00e0 peindre ou \u00e0 laisser brut<\/p>\n<p>D\u00e9finition de la fleur de vie :<\/p>\n<p>La Fleur de Vie est un symbole au service de la vie, comme son nom l\u2019indique, qui est repr\u00e9sent\u00e9 sous la forme d\u2019une figure g\u00e9om\u00e9trique. Il s\u2019agit d\u2019un cercle, qui contient lui-m\u00eame plusieurs cercles de m\u00eame taille, qui sont reli\u00e9s par leur centre.<\/p>\n<p>Lorsqu\u2019on regarde cette figure, on a l\u2019impression de voir des fleurs, alors qu\u2019il s\u2019agit en r\u00e9alit\u00e9 de cercles.<\/p>\n<p>L\u2019origine du symbole de la Fleur de Vie est diverse. On la trouve \u00e0 toutes les \u00e9poques et \u00e0 peu pr\u00e8s dans toutes les cultures. Quelle que soit son origine, elle semble toujours li\u00e9e au domaine sacr\u00e9, d\u00e9signant un syst\u00e8me de croyances, une sorte de m\u00e9taphore qui image toute connexion \u00e0 la vie et \u00e0 l\u2019esprit.<\/p>\n<p>En d\u2019autres mots, la Fleur de Vie repr\u00e9sente l\u2019univers et chacun des cercles qui la composent repr\u00e9sentent une partie de l\u2019univers.<\/p>\n","protected":false},"excerpt":{"rendered":"<p>D\u00e9coration int\u00e9rieur fleur de vie d\u00e9coup\u00e9e au laser<\/p>\n","protected":false},"featured_media":8322,"comment_status":"open","ping_status":"closed","template":"","meta":{"site-sidebar-layout":"default","site-content-layout":"","ast-site-content-layout":"default","site-content-style":"default","site-sidebar-style":"default","ast-global-header-display":"","ast-banner-title-visibility":"","ast-main-header-display":"","ast-hfb-above-header-display":"","ast-hfb-below-header-display":"","ast-hfb-mobile-header-display":"","site-post-title":"","ast-breadcrumbs-content":"","ast-featured-img":"","footer-sml-layout":"","ast-disable-related-posts":"","theme-transparent-header-meta":"","adv-header-id-meta":"","stick-header-meta":"","header-above-stick-meta":"","header-main-stick-meta":"","header-below-stick-meta":"","astra-migrate-meta-layouts":"default","ast-page-background-enabled":"default","ast-page-background-meta":{"desktop":{"background-color":"var(--ast-global-color-5)","background-image":"","background-repeat":"repeat","background-position":"center center","background-size":"auto","background-attachment":"scroll","background-type":"","background-media":"","overlay-type":"","overlay-color":"","overlay-opacity":"","overlay-gradient":""},"tablet":{"background-color":"","background-image":"","background-repeat":"repeat","background-position":"center center","background-size":"auto","background-attachment":"scroll","background-type":"","background-media":"","overlay-type":"","overlay-color":"","overlay-opacity":"","overlay-gradient":""},"mobile":{"background-color":"","background-image":"","background-repeat":"repeat","background-position":"center center","background-size":"auto","background-attachment":"scroll","background-type":"","background-media":"","overlay-type":"","overlay-color":"","overlay-opacity":"","overlay-gradient":""}},"ast-content-background-meta":{"desktop":{"background-color":"var(--ast-global-color-4)","background-image":"","background-repeat":"repeat","background-position":"center center","background-size":"auto","background-attachment":"scroll","background-type":"","background-media":"","overlay-type":"","overlay-color":"","overlay-opacity":"","overlay-gradient":""},"tablet":{"background-color":"var(--ast-global-color-4)","background-image":"","background-repeat":"repeat","background-position":"center center","background-size":"auto","background-attachment":"scroll","background-type":"","background-media":"","overlay-type":"","overlay-color":"","overlay-opacity":"","overlay-gradient":""},"mobile":{"background-color":"var(--ast-global-color-4)","background-image":"","background-repeat":"repeat","background-position":"center center","background-size":"auto","background-attachment":"scroll","background-type":"","background-media":"","overlay-type":"","overlay-color":"","overlay-opacity":"","overlay-gradient":""}}},"product_brand":[],"product_cat":[18,35,34],"product_tag":[],"class_list":{"0":"post-8298","1":"product","2":"type-product","3":"status-publish","4":"has-post-thumbnail","6":"product_cat-a-personnaliser-et-nos-creations","7":"product_cat-cadres-et-decorations-murales","8":"product_cat-decoration-interieur","9":"desktop-align-left","10":"tablet-align-left","11":"mobile-align-left","13":"first","14":"instock","15":"shipping-taxable","16":"purchasable","17":"product-type-simple"},"_links":{"self":[{"href":"https:\/\/woo.apylaser.com\/index.php?rest_route=\/wp\/v2\/product\/8298","targetHints":{"allow":["GET"]}}],"collection":[{"href":"https:\/\/woo.apylaser.com\/index.php?rest_route=\/wp\/v2\/product"}],"about":[{"href":"https:\/\/woo.apylaser.com\/index.php?rest_route=\/wp\/v2\/types\/product"}],"replies":[{"embeddable":true,"href":"https:\/\/woo.apylaser.com\/index.php?rest_route=%2Fwp%2Fv2%2Fcomments&post=8298"}],"wp:featuredmedia":[{"embeddable":true,"href":"https:\/\/woo.apylaser.com\/index.php?rest_route=\/wp\/v2\/media\/8322"}],"wp:attachment":[{"href":"https:\/\/woo.apylaser.com\/index.php?rest_route=%2Fwp%2Fv2%2Fmedia&parent=8298"}],"wp:term":[{"taxonomy":"product_brand","embeddable":true,"href":"https:\/\/woo.apylaser.com\/index.php?rest_route=%2Fwp%2Fv2%2Fproduct_brand&post=8298"},{"taxonomy":"product_cat","embeddable":true,"href":"https:\/\/woo.apylaser.com\/index.php?rest_route=%2Fwp%2Fv2%2Fproduct_cat&post=8298"},{"taxonomy":"product_tag","embeddable":true,"href":"https:\/\/woo.apylaser.com\/index.php?rest_route=%2Fwp%2Fv2%2Fproduct_tag&post=8298"}],"curies":[{"name":"wp","href":"https:\/\/api.w.org\/{rel}","templated":true}]}}