{"id":8541,"date":"2026-04-20T16:35:40","date_gmt":"2026-04-20T16:35:40","guid":{"rendered":"http:\/\/woo.apylaser.com\/?post_type=product&#038;p=8541"},"modified":"2026-04-20T16:48:05","modified_gmt":"2026-04-20T16:48:05","slug":"alphabet-pour-pochoir-plexiglas","status":"publish","type":"product","link":"https:\/\/woo.apylaser.com\/?product=alphabet-pour-pochoir-plexiglas","title":{"rendered":"Alphabet pour pochoir plexiglas"},"content":{"rendered":"<p>Alphabet pour pochoir plexiglas d\u00e9coup\u00e9 au laser<\/p>\n<p>Largeur : entre 4.8cm pour le I et 9.1cm pour le W c&rsquo;est suivant la largeur des lettres<\/p>\n<p>Hauteur : 8 cm<\/p>\n<p>Hauteur des lettres : 6 cm<\/p>\n<p>L&rsquo;\u00e9cartement tout autour de la lettre est de 1 cm<\/p>\n<p>Epaisseur : 2 mm<\/p>\n<p>Mati\u00e8re : plexiglas<\/p>\n<p>Alphabet pour pochoir en plexiglas, cette mati\u00e8re est l\u00e9g\u00e8re, brillante et se nettoie facilement<\/p>\n<p>L&rsquo;alphabet se fixe au scotch de peintre par exemple sur le haut et bas<\/p>\n<p>L&rsquo;\u00e9cartement entre la lettre et le bord \u00e9tant de la m\u00eame largeur sur chaque lettre vous pourrez faire des mots ou phrases en \u00e9tant pr\u00e9cis sans avoir besoin de mesurer il vous suffit de coller les pi\u00e8ces les unes \u00e0 la suite des autres<\/p>\n<p>Si vous souhaitez une taille ou mati\u00e8re diff\u00e9rente n&rsquo;h\u00e9sitez pas \u00e0 nous contacter<\/p><\/p>\n","protected":false},"excerpt":{"rendered":"<p>Alphabet pour pochoir plexiglas d\u00e9coup\u00e9 au laser<\/p>\n<p>Sur la photo le plexiglas a son film de protection de chaque c\u00f4t\u00e9, une fois enlev\u00e9 le plexiglas est transparent et brillant<\/p>\n","protected":false},"featured_media":6641,"comment_status":"open","ping_status":"closed","template":"","meta":{"site-sidebar-layout":"default","site-content-layout":"","ast-site-content-layout":"default","site-content-style":"default","site-sidebar-style":"default","ast-global-header-display":"","ast-banner-title-visibility":"","ast-main-header-display":"","ast-hfb-above-header-display":"","ast-hfb-below-header-display":"","ast-hfb-mobile-header-display":"","site-post-title":"","ast-breadcrumbs-content":"","ast-featured-img":"","footer-sml-layout":"","ast-disable-related-posts":"","theme-transparent-header-meta":"","adv-header-id-meta":"","stick-header-meta":"","header-above-stick-meta":"","header-main-stick-meta":"","header-below-stick-meta":"","astra-migrate-meta-layouts":"default","ast-page-background-enabled":"default","ast-page-background-meta":{"desktop":{"background-color":"var(--ast-global-color-5)","background-image":"","background-repeat":"repeat","background-position":"center center","background-size":"auto","background-attachment":"scroll","background-type":"","background-media":"","overlay-type":"","overlay-color":"","overlay-opacity":"","overlay-gradient":""},"tablet":{"background-color":"","background-image":"","background-repeat":"repeat","background-position":"center center","background-size":"auto","background-attachment":"scroll","background-type":"","background-media":"","overlay-type":"","overlay-color":"","overlay-opacity":"","overlay-gradient":""},"mobile":{"background-color":"","background-image":"","background-repeat":"repeat","background-position":"center center","background-size":"auto","background-attachment":"scroll","background-type":"","background-media":"","overlay-type":"","overlay-color":"","overlay-opacity":"","overlay-gradient":""}},"ast-content-background-meta":{"desktop":{"background-color":"var(--ast-global-color-4)","background-image":"","background-repeat":"repeat","background-position":"center center","background-size":"auto","background-attachment":"scroll","background-type":"","background-media":"","overlay-type":"","overlay-color":"","overlay-opacity":"","overlay-gradient":""},"tablet":{"background-color":"var(--ast-global-color-4)","background-image":"","background-repeat":"repeat","background-position":"center center","background-size":"auto","background-attachment":"scroll","background-type":"","background-media":"","overlay-type":"","overlay-color":"","overlay-opacity":"","overlay-gradient":""},"mobile":{"background-color":"var(--ast-global-color-4)","background-image":"","background-repeat":"repeat","background-position":"center center","background-size":"auto","background-attachment":"scroll","background-type":"","background-media":"","overlay-type":"","overlay-color":"","overlay-opacity":"","overlay-gradient":""}}},"product_brand":[],"product_cat":[18,35,31,34,28,30,29],"product_tag":[],"class_list":{"0":"post-8541","1":"product","2":"type-product","3":"status-publish","4":"has-post-thumbnail","6":"product_cat-a-personnaliser-et-nos-creations","7":"product_cat-cadres-et-decorations-murales","8":"product_cat-chiffres","9":"product_cat-decoration-interieur","10":"product_cat-mots","11":"product_cat-phrases","12":"product_cat-prenoms","13":"desktop-align-left","14":"tablet-align-left","15":"mobile-align-left","17":"first","18":"instock","19":"shipping-taxable","20":"purchasable","21":"product-type-simple"},"_links":{"self":[{"href":"https:\/\/woo.apylaser.com\/index.php?rest_route=\/wp\/v2\/product\/8541","targetHints":{"allow":["GET"]}}],"collection":[{"href":"https:\/\/woo.apylaser.com\/index.php?rest_route=\/wp\/v2\/product"}],"about":[{"href":"https:\/\/woo.apylaser.com\/index.php?rest_route=\/wp\/v2\/types\/product"}],"replies":[{"embeddable":true,"href":"https:\/\/woo.apylaser.com\/index.php?rest_route=%2Fwp%2Fv2%2Fcomments&post=8541"}],"wp:featuredmedia":[{"embeddable":true,"href":"https:\/\/woo.apylaser.com\/index.php?rest_route=\/wp\/v2\/media\/6641"}],"wp:attachment":[{"href":"https:\/\/woo.apylaser.com\/index.php?rest_route=%2Fwp%2Fv2%2Fmedia&parent=8541"}],"wp:term":[{"taxonomy":"product_brand","embeddable":true,"href":"https:\/\/woo.apylaser.com\/index.php?rest_route=%2Fwp%2Fv2%2Fproduct_brand&post=8541"},{"taxonomy":"product_cat","embeddable":true,"href":"https:\/\/woo.apylaser.com\/index.php?rest_route=%2Fwp%2Fv2%2Fproduct_cat&post=8541"},{"taxonomy":"product_tag","embeddable":true,"href":"https:\/\/woo.apylaser.com\/index.php?rest_route=%2Fwp%2Fv2%2Fproduct_tag&post=8541"}],"curies":[{"name":"wp","href":"https:\/\/api.w.org\/{rel}","templated":true}]}}