{"id":8761,"date":"2026-04-20T16:37:06","date_gmt":"2026-04-20T16:37:06","guid":{"rendered":"http:\/\/woo.apylaser.com\/?post_type=product&#038;p=8761"},"modified":"2026-04-20T16:48:12","modified_gmt":"2026-04-20T16:48:12","slug":"gabarit-papillon-vectoriel-formats-cdr-ai-dxf-svg-telechargement-immediat","status":"publish","type":"product","link":"https:\/\/woo.apylaser.com\/?product=gabarit-papillon-vectoriel-formats-cdr-ai-dxf-svg-telechargement-immediat","title":{"rendered":"Gabarit papillon vectoriel \u2013 Formats CDR, AI, DXF, SVG (T\u00e9l\u00e9chargement imm\u00e9diat)"},"content":{"rendered":"<p>Forme papillon<\/p>\n<p>Ce mod\u00e8le est un fichier vectoriel<\/p>\n<p>Il est sous format cdr, ai, dxf, svg<\/p>\n<p>Vous pouvez les utiliser sur coreldraw, illustrator, photofiltre, gimp, inskape, silhouette, cricut &#8230;&#8230;<\/p>\n<p>Une fois votre commande valid\u00e9e et pay\u00e9e, un email automatique vous sera envoy\u00e9 avec un lien de t\u00e9l\u00e9chargement<\/p>\n<p>Le fichier sera sous format zipp\u00e9, il vous suffira de le d\u00e9zipper pour avoir le fichier sous ces 4 formats<\/p>\n<p>le fichier est en couleur rouge rgb pour la d\u00e9coupe laser qui est facilement modifiable dans la couleur pour vous votre d\u00e9coupe si besoin sur le fichier vectoriel, vous aurez \u00e9galement en contour noir et en forme pleine noir<\/p>\n<p>Les fichiers sont test\u00e9s en gravure et d\u00e9coupe aucunes modifications n&rsquo;est \u00e0 pr\u00e9voir sur la qualit\u00e9 du fichier<\/p>\n<p>Il ne vous reste plus qu&rsquo;\u00e0 le d\u00e9couper sur du bois, du plexiglas, vinyle &#8230;<\/p>\n<p>Les filigranes et APY Laser bien sur ne seront pas pr\u00e9sent sur les fichiers c&rsquo;est juste pour la pr\u00e9sentation des fichiers sur le site<\/p>\n<p>Tous les fichiers sont con\u00e7us et test\u00e9s sur machine laser chez APY Laser, merci de respecter mon travail et de ne pas partager ce fichier il vous est uniquement r\u00e9serv\u00e9<\/p>\n<p>Si vous souhaitez une forme ou taille diff\u00e9rentes, n&rsquo;h\u00e9sitez pas \u00e0 nous contacter pour un devis<\/p>\n<p>Ce <strong>fichier vectoriel papillon<\/strong> est parfait pour vos projets de <strong>d\u00e9coupe cr\u00e9ative<\/strong>, artisanale ou professionnelle.<\/p>\n<p>Con\u00e7u en haute qualit\u00e9, ce <strong>motif papillon<\/strong> est fourni dans 4 formats compatibles avec la majorit\u00e9 des logiciels et machines :<\/p>\n<ul>\n<li>\n<p><strong>CDR<\/strong> \u2013 pour CorelDRAW<\/p>\n<\/li>\n<li>\n<p><strong>AI<\/strong> \u2013 pour Adobe Illustrator<\/p>\n<\/li>\n<li>\n<p><strong>DXF<\/strong> \u2013 pour d\u00e9coupe laser, CNC ou plotter<\/p>\n<\/li>\n<li>\n<p><strong>SVG<\/strong> \u2013 pour Cricut, Silhouette, ScanNCut et autres machines de d\u00e9coupe<\/p>\n<\/li>\n<\/ul>\n<p>Ce <strong>gabarit papillon<\/strong> vous permet de cr\u00e9er des objets d\u00e9coratifs, cartes, \u00e9l\u00e9ments de scrapbooking, pr\u00e9sentoirs, ou accessoires personnalis\u00e9s. Il peut \u00eatre utilis\u00e9 sur du <strong>papier<\/strong>, <strong>carton<\/strong>, <strong>bois fin<\/strong>, <strong>acrylique<\/strong> ou <strong>vinyle<\/strong>, selon vos besoins.<\/p>\n<\/p><\/p>\n","protected":false},"excerpt":{"rendered":"<p>Fichier \u00e0 t\u00e9l\u00e9charger en format cdr, ai, dxf et svg<\/p>\n<p>Pour d\u00e9coupe laser, cnc, plotter de d\u00e9coupe&#8230;<\/p>\n<p>Le papillon s&rsquo;adapte au mod\u00e8le pendentif papillon vendu sur le site <a href=\"https:\/\/apylaser.com\/formes-a-personnaliser\/783-8038-pendentif-papillon-plexiglas-a-personnaliser-10-pieces.html#\/180-couleur_plexiglas-transparent_2_mm\" target=\"_blank\" rel=\"noreferrer noopener\">en cliquant ici<\/a> mais \u00e9galement aux grandes plaques en agrandissant la forme\u00a0<\/p>\n<p>cela vous permettra de pouvoir bien caler vos d\u00e9coupes vinyles sur votre logiciel de cr\u00e9ation<\/p>\n<p>Fichier \u00e9labor\u00e9, con\u00e7u et test\u00e9 par apy laser<\/p>\n<p>Les filigranes et APY Laser bien sur ne seront pas pr\u00e9sent sur les fichiers c&rsquo;est juste pour la pr\u00e9sentation des fichiers sur le site<\/p><\/p>\n","protected":false},"featured_media":6883,"comment_status":"open","ping_status":"closed","template":"","meta":{"site-sidebar-layout":"default","site-content-layout":"","ast-site-content-layout":"default","site-content-style":"default","site-sidebar-style":"default","ast-global-header-display":"","ast-banner-title-visibility":"","ast-main-header-display":"","ast-hfb-above-header-display":"","ast-hfb-below-header-display":"","ast-hfb-mobile-header-display":"","site-post-title":"","ast-breadcrumbs-content":"","ast-featured-img":"","footer-sml-layout":"","ast-disable-related-posts":"","theme-transparent-header-meta":"","adv-header-id-meta":"","stick-header-meta":"","header-above-stick-meta":"","header-main-stick-meta":"","header-below-stick-meta":"","astra-migrate-meta-layouts":"default","ast-page-background-enabled":"default","ast-page-background-meta":{"desktop":{"background-color":"var(--ast-global-color-5)","background-image":"","background-repeat":"repeat","background-position":"center center","background-size":"auto","background-attachment":"scroll","background-type":"","background-media":"","overlay-type":"","overlay-color":"","overlay-opacity":"","overlay-gradient":""},"tablet":{"background-color":"","background-image":"","background-repeat":"repeat","background-position":"center center","background-size":"auto","background-attachment":"scroll","background-type":"","background-media":"","overlay-type":"","overlay-color":"","overlay-opacity":"","overlay-gradient":""},"mobile":{"background-color":"","background-image":"","background-repeat":"repeat","background-position":"center center","background-size":"auto","background-attachment":"scroll","background-type":"","background-media":"","overlay-type":"","overlay-color":"","overlay-opacity":"","overlay-gradient":""}},"ast-content-background-meta":{"desktop":{"background-color":"var(--ast-global-color-4)","background-image":"","background-repeat":"repeat","background-position":"center center","background-size":"auto","background-attachment":"scroll","background-type":"","background-media":"","overlay-type":"","overlay-color":"","overlay-opacity":"","overlay-gradient":""},"tablet":{"background-color":"var(--ast-global-color-4)","background-image":"","background-repeat":"repeat","background-position":"center center","background-size":"auto","background-attachment":"scroll","background-type":"","background-media":"","overlay-type":"","overlay-color":"","overlay-opacity":"","overlay-gradient":""},"mobile":{"background-color":"var(--ast-global-color-4)","background-image":"","background-repeat":"repeat","background-position":"center center","background-size":"auto","background-attachment":"scroll","background-type":"","background-media":"","overlay-type":"","overlay-color":"","overlay-opacity":"","overlay-gradient":""}}},"product_brand":[],"product_cat":[18,48,49],"product_tag":[],"class_list":{"0":"post-8761","1":"product","2":"type-product","3":"status-publish","4":"has-post-thumbnail","6":"product_cat-a-personnaliser-et-nos-creations","7":"product_cat-fichiers-a-telecharger-pour-laser","8":"product_cat-plotter-de-decoupe","9":"desktop-align-left","10":"tablet-align-left","11":"mobile-align-left","13":"first","14":"instock","15":"shipping-taxable","16":"purchasable","17":"product-type-simple"},"_links":{"self":[{"href":"https:\/\/woo.apylaser.com\/index.php?rest_route=\/wp\/v2\/product\/8761","targetHints":{"allow":["GET"]}}],"collection":[{"href":"https:\/\/woo.apylaser.com\/index.php?rest_route=\/wp\/v2\/product"}],"about":[{"href":"https:\/\/woo.apylaser.com\/index.php?rest_route=\/wp\/v2\/types\/product"}],"replies":[{"embeddable":true,"href":"https:\/\/woo.apylaser.com\/index.php?rest_route=%2Fwp%2Fv2%2Fcomments&post=8761"}],"wp:featuredmedia":[{"embeddable":true,"href":"https:\/\/woo.apylaser.com\/index.php?rest_route=\/wp\/v2\/media\/6883"}],"wp:attachment":[{"href":"https:\/\/woo.apylaser.com\/index.php?rest_route=%2Fwp%2Fv2%2Fmedia&parent=8761"}],"wp:term":[{"taxonomy":"product_brand","embeddable":true,"href":"https:\/\/woo.apylaser.com\/index.php?rest_route=%2Fwp%2Fv2%2Fproduct_brand&post=8761"},{"taxonomy":"product_cat","embeddable":true,"href":"https:\/\/woo.apylaser.com\/index.php?rest_route=%2Fwp%2Fv2%2Fproduct_cat&post=8761"},{"taxonomy":"product_tag","embeddable":true,"href":"https:\/\/woo.apylaser.com\/index.php?rest_route=%2Fwp%2Fv2%2Fproduct_tag&post=8761"}],"curies":[{"name":"wp","href":"https:\/\/api.w.org\/{rel}","templated":true}]}}